f) = -496*f + 32859. What is w(67)?
-373
Let q(s) = 54970*s + 109916. Calculate q(-2).
-24
Let d(y) = 4162*y + 4366. Calculate d(-1).
204
Let o(f) = -6809*f + 40887. Determine o(6).
33
Let w(y) = 2*y**3 - 11*y**2 + 2301*y - 11427. Calculate w(5).
53
Let p(c) = -4*c**2 + 370*c - 1760. What is p(5)?
-10
Let j(z) = z**2 - 9604*z - 3267924. What is j(-329)?
33
Let b(q) = -7*q**3 - 38*q**2 - 31*q + 70. Give b(1).
-6
Let y(w) = 73692*w + 147395. Determine y(-2).
11
Let f(q) = -14*q**2 + 65*q - 575. Determine f(11).
-1554
Let f(k) = 5126*k - 266412. Determine f(52).
140
Let z(o) = -o**2 + 3482*o + 1220952. Determine z(-321).
189
Let o(r) = 15671*r - 4058768. Determine o(259).
21
Let z(x) = -x**2 - 107*x - 2905. What is z(-62)?
-115
Let v(h) = 2760*h**2 - 41397*h - 15. Give v(15).
30
Let p(h) = -133*h + 27286. Determine p(205).
21
Let q(z) = -3*z**2 + 325826*z - 1303277. Give q(4).
-21
Let n(w) = -827954*w - 827958. Give n(-1).
-4
Let u(x) = x**3 + 204*x**2 - 4232*x - 111. Determine u(19).
-16
Let u(b) = -1060*b**2 - 313760*b + 45. Determine u(-296).
45
Let t(f) = f**3 + 81*f**2 - 3060*f - 1019. Determine t(-109).
-147
Let s(d) = -5*d**3 + 168*d**2 + 234*d + 397. What is s(35)?
12
Let c(p) = 93*p**2 - 17490*p + 68472. What is c(4)?
0
Let c(b) = b**2 + 114*b - 903. Determine c(-120).
-183
Let m(o) = -1613*o + 11340. What is m(7)?
49
Let h(u) = -2217*u - 110882. Give h(-50).
-32
Let i(j) = 96*j + 18381. Calculate i(-172).
1869
Let d(w) = 39*w**2 - 14*w - 47. Give d(-1).
6
Let x(z) = -z**3 + 18*z**2 - 140*z + 319. Calculate x(13).
-656
Let r(d) = 3*d**2 - 167*d + 4528. Determine r(27).
2206
Let n(u) = -u**3 + 183*u**2 + 2128*u + 1388. Determine n(194).
224
Let t(k) = -1474*k**3 + k**2 + 186*k - 186. Determine t(1).
-1473
Let g(k) = -29842*k + 179289. Calculate g(6).
237
Let y(a) = -6*a**2 + 3594*a - 24880. Give y(7).
-16
Let t(g) = -26*g**3 - 48*g**2 - 16*g - 9. Calculate t(-4).
951
Let n(q) = 498*q + 1949. What is n(-4)?
-43
Let r(y) = -1467*y - 76264. Give r(-52).
20
Let n(k) = -1274*k - 109603. Give n(-86).
-39
Let n(a) = -14557*a - 2445573. What is n(-168)?
3
Let i(r) = 14*r**3 - 606*r**2 + 179*r + 44. What is i(43)?
345
Let k(b) = 269*b**2 - 279*b + 13. Give k(1).
3
Let t(d) = -d**2 + 3139*d - 593395. Determine t(202).
-121
Let g(i) = 25815*i - 542114. What is g(21)?
1
Let s(n) = -3*n**3 - 123*n**2 - 216*n - 3827. Calculate s(-40).
13
Let v(u) = -2*u**2 + u - 185. Calculate v(-6).
-263
Let r(u) = -22*u**2 - 2111*u - 4138. Determine r(-94).
-96
Let j(x) = 167*x + 605. What is j(-4)?
-63
Let b(z) = 3196*z + 6723. Calculate b(-2).
331
Let w(o) = 2*o**3 + 28*o**2 + 30*o - 91. Give w(-16).
-1595
Let u(q) = q**2 + 129*q + 2380. Determine u(-109).
200
Let p(w) = -2393*w - 459569. Determine p(-192).
-113
Let x(d) = -81*d + 652. Give x(8).
4
Let y(a) = -9578*a - 38319. Determine y(-4).
-7
Let u(p) = -46*p - 843. Determine u(-9).
-429
Let q(b) = -2300*b**3 + 41*b**2 - 29*b + 2. Determine q(1).
-2286
Let u(s) = -s**3 - 7*s**2 + 8449*s - 9098. What is u(-96)?
22
Let m(x) = -x**3 - 61*x**2 - 71*x - 2845. Give m(-61).
1486
Let d(s) = -31*s**2 - 45*s - 28. Calculate d(-4).
-344
Let y(d) = 38282*d - 229635. Determine y(6).
57
Let w(t) = -274*t - 35657. Give w(-132).
511
Let q(b) = -523*b**3 - 252085*b**2 + 484*b + 964. Calculate q(-482).
0
Let j(m) = -82*m**3 - 765*m**2 - 874*m - 11. Determine j(-8).
5
Let a(s) = 1518*s - 6931. Calculate a(6).
2177
Let f(v) = -2*v**3 - 254*v**2 + 193*v + 25175. Give f(-127).
664
Let x(k) = 15*k**2 + 61*k - 1435. Determine x(0).
-1435
Let f(r) = 402*r**2 - 2785*r - 10. Calculate f(7).
193
Let f(m) = 295*m - 76417. Give f(268).
2643
Let z(h) = -h**2 - 82*h + 385167. Give z(-663).
-36
Let w(t) = -31*t**2 - 1040*t + 1573. Give w(-35).
-2
Let u(d) = -132199*d + 1057539. Calculate u(8).
-53
Let k(v) = 2806*v + 527522. Determine k(-188).
-6
Let c(x) = -14*x**2 + 2821*x + 5143. Calculate c(203).
880
Let k(h) = 6*h**3 - 679*h**2 + 115*h - 45. Give k(113).
181
Let f(g) = g**3 + 250*g**2 - 81*g - 20201. Calculate f(-250).
49
Let m(i) = -89*i**2 - 2668*i - 9216. What is m(-26)?
-12
Let u(c) = -2*c**3 - 125*c**2 - 2384*c - 23355. What is u(-40)?
5
Let j(k) = -k**2 - 7223*k - 64947. What is j(-9)?
-21
Let p(b) = b**3 + 71*b**2 + 1080*b - 921. Give p(-48).
231
Let c(q) = -494*q + 22275. Determine c(46).
-449
Let j(i) = -i**3 + 44*i**2 + 2100*i + 747. Determine j(73).
-494
Let s(d) = d**3 - 686*d**2 + 1298*d - 419907. Give s(685).
-2
Let l(c) = 196*c + 15521. Calculate l(-75).
821
Let t(q) = 317858*q + 2225025. Calculate t(-7).
19
Let h(a) = -303902*a + 1823423. Determine h(6).
11
Let y(d) = -d**3 - 17*d**2 + 12134*d + 181901. Calculate y(-15).
-559
Let r(u) = -115760*u - 231509. Calculate r(-2).
11
Let t(i) = -9*i**2 - 165*i + 1971. Determine t(10).
-579
Let w(s) = -726*s + 3002. Determine w(4).
98
Let p(c) = -c**2 + 776*c - 9427. Determine p(12).
-259
Let u(i) = 8*i**2 - 1280*i + 7538. Calculate u(6).
146
Let t(r) = 1207*r + 85819. Calculate t(-71).
122
Let b(l) = -l**2 - 7144*l + 1894401. What is b(256)?
1
Let n(g) = 50*g**2 - 62*g + 199. Calculate n(7).
2215
Let u(h) = 1215*h + 164260. Give u(-136).
-980
Let v(n) = -2*n**3 + 220*n**2 - 280*n + 55697. What is v(111)?
-25
Let i(b) = b**2 + 295*b - 5083. What is i(18)?
551
Let d(v) = 9*v**3 - v**2 + 106*v + 313. Give d(-3).
-257
Let v(s) = 31*s**2 + 352*s + 2478. Give v(-8).
1646
Let c(t) = -11*t + 587. Give c(52).
15
Let x(u) = u**3 + 20*u**2 + 23*u + 754. Give x(-20).
294
Let b(g) = -19727*g - 39456. Give b(-2).
-2
Let t(p) = -7*p**3 + 3*p**2 - 1333*p - 4093. Give t(-3).
122
Let s(w) = -60283*w - 1567365. Give s(-26).
-7
Let q(o) = o**3 + 1348*o**2 + 10714*o - 27. Calculate q(-8).
21
Let d(f) = -23*f**2 - 155*f - 1423. What is d(-11)?
-2501
Let f(s) = 1082311*s - 11905415. What is f(11)?
6
Let h(o) = 39800*o + 2109404. What is h(-53)?
4
Let w(r) = -3*r**2 + 3928*r - 143393. What is w(37)?
-2164
Let m(j) = 3*j**2 + 5146*j + 86894. Calculate m(-17).
279
Let r(s) = s**3 - 14*s**2 - 55*s + 1354. What is r(-9)?
-14
Let t(l) = l**3 - 4*l**2 + 19*l - 24. Give t(2).
6
Let f(p) = 153*p**2 + 2684*p - 9. Calculate f(-18).
1251
Let h(a) = -a**3 - 476*a**2 - 7757*a - 6358. What is h(-16)?
-6
Let m(t) = 4*t**3 + 186*t**2 + 40*t + 6309. Give m(-47).
11
Let w(z) = 4455*z + 5693522. What is w(-1278)?
32
Let v(j) = 1135018*j + 3405081. Give v(-3).
27
Let q(i) = -216*i + 2126. Determine q(20).
-2194
Let i(q) = -136*q**2 + 2345*q - 44. Determine i(17).
517
Let d(f) = 2*f**2 + 35635*f + 3578766. What is d(-101)?
33
Let u(n) = -76*n + 1561. Determine u(11).
725
Let s(x) = 4*x**2 - 3953*x + 498110. Give s(840).
-10
Let h(t) = -97*t + 1642. What is h(29)?
-1171
Let t(o) = -o**2 - 511*o + 11053. Calculate t(21).
-119
Let b(r) = 7426*r - 452795. Give b(61).
191
Let j(p) = 19*p**3 - 21494*p**2 + 5639*p + 18091. Calculate j(1131).
-5
Let h(i) = -203306*i - 25. What is h(0)?
-25
Let q(u) = -14962*u + 44845. Determine q(3).
-41
Let q(g) = 22*g**2 - 2069*g + 140. Give q(94).
46
Let q(c) = -c**3 + 90*c**2 - 70*c - 9326. Determine q(88).
2
Let m(l) = 84*l**2 - 2964*l + 761. Determine m(35).
-79
Let t(v) = 2*v**3 + 83*v**2 + 207*v - 427. Determine t(-4).
-55
Let o(h) = -2*h**3 - 87*h**2 + 12*h + 183. Give o(-43).
-2182
Let p(s) = -2*s**2 - 174*s - 3678. Calculate p(-25).
-578
Let t(o) = 2000*o - 101889. Determine t(51).
111
Let n(k) = -6*k**2 - 62*k + 436. Determine n(5).
-24
Let j(l) = -3*l**2 + 157*l + 71. Calculate j(-9).
-1585
Let g(c) = 10*c**3 + 92*c**2 - 175*c - 1685. Give g(-9).
52
Let u(a) = -477*a**2 + 11122*a + 14. What is u(23)?
3487
Let k(q) = -8*q**2 + 616*q - 3413. Determine k(6).
-5
Let g(m) = 2259*m - 52896. Determine g(23).
-939
Let q(d) = 8*d**2 + 6638*d + 148488. Determine q(-23).
46
Let s(g) = -g**3 + 94*g**2 + 975*g + 6697. Give s(104).
-63
Let x(b) = 2*b**3 + 96*b**2 + 20*b - 109. What is x(-48)?
-1069
Let i(r) = -110*r**2 - 378*r - 375. Give i(-1).
-107
Let l(n) = -55*n**3 + 277*n**2 - 26*n + 73. Calculate l(5).
-7
Let j(d) = 297*d**2 + 8880*d - 887. What is j(-30)?
13
Let m(r) = -162*r**2 + 14280*r - 2100. What is m(88)?
12
Let r(j) = -2217*j - 48. Give r(-1).
2169
Let q(a) = -a**2 + 780*a + 4651. Calculate q(-6).
-65
Let y(l) = 12965*l + 544546. Calculate y(-42).
16
Let v(l) = -l**3 + 21*l**2 + 96